{"id":65,"date":"2021-12-29T17:30:58","date_gmt":"2021-12-29T16:30:58","guid":{"rendered":"https:\/\/byte42.de\/chatsimulator\/?page_id=65"},"modified":"2022-01-04T11:31:22","modified_gmt":"2022-01-04T10:31:22","slug":"ausgrenz-simulator","status":"publish","type":"page","link":"https:\/\/byte42.de\/chatsimulator\/spielvarianten\/ausgrenz-simulator\/","title":{"rendered":"Ausgrenz-Simulator"},"content":{"rendered":"\n<p>(Ist noch in Arbeit!)<\/p>\n\n\n\n<p><\/p>\n\n\n\n<p>Beschreibung und Ablauf: Die Rollenkarten werden an die Teilnehmer*innen verteilt. Bei mehr als 15 Teilnehmer*innen k\u00f6nnen auch Zweier-Teams gebildet werden, die sich dann um eine Rolle k\u00fcmmern. Die Rollenkarten d\u00fcrfen nicht herumgezeigt werden. Keine*r soll wissen, wer unter welchem Alias schreibt. Dann fangen die Teilnehmer*innen an \u00fcber ein vorher ausgew\u00e4hltes Thema im Chat sich zu unterhalten (Beispiel: Welches ist euer Lieblingsfilm\/ eure Lieblingsserie\/ euer Lieblings-YouTuber?). Dann findet der erste pers\u00f6nlichen Nachrichten-Wechsel \u00fcber den Chat statt.<\/p>\n\n\n\n<p>Vonseiten der Teamer*innen erhalten einige Teilnehmer*innen Email Anweisungen, wen sie ausgrenzen, beleidigen oder zustimmen sollen. Dies spitzt sich im Verlauf auf eine oder zwei Personen zu, die ausgegrenzt\/beleidigt\/gedisst werden sollen.<\/p>\n\n\n\n<p>Die Teamer*innen erkl\u00e4ren den Teilnehmer*innen, dass w\u00e4hrend der Simulation nicht gesprochen werden soll. Die Kommunikation findet ausschlie\u00dflich \u00fcber den Chat statt. Die Zielvorgabe f\u00fcr alle soll lauten:<\/p>\n\n\n\n<p class=\"has-large-font-size\">Du willst Anerkennung und Aufmerksamkeit in der Gruppe und du willst dich gut f\u00fchlen.<\/p>\n\n\n\n<p>Die Teamer*innen achten darauf, dass die Simulation in einem zumutbaren Rahmen verl\u00e4uft.<\/p>\n\n\n\n<p>Nachbearbeitung\/ Refexion: Die Teilnehmer*innen erl\u00e4utern ihre Rolle in dem Chat. Sie \u00e4u\u00dfern, was sie empfunden haben, was ihnen problematisch und schwierig erschien, aber auch, ob es Dinge gab, die ihnen gefielen und leicht fielen. Wann fing es an kritisch zu werden, welche Gruppendynamik ist entstanden? Die Teamer*innen k\u00f6nnen den Chat aufzeigen. Auch die Teilnehmer*innen k\u00f6nnen dort noch einmal nachlesen.<\/p>\n\n\n\n<p>Alle berichten \u00fcber die Erfahrung und den Umgang mit Beleidigungen. Sie machen deutlich, welche Gef\u00fchle sie hatten. Hierzu k\u00f6nnen sie beispielhaft problematische Kommentare nennen und diese mit den anderen Teilnehmer*innen diskutieren. Die TeamerInnen k\u00f6nnen einige private Nachrichten zur Diskussion stellen.<\/p>\n\n\n\n<p>Wichtig w\u00e4re es f\u00fcr alle festzustellen, wie Ausgrenzung durch Beleidigung funktioniert und welche Dynamik sich entwickelt.<\/p>\n","protected":false},"excerpt":{"rendered":"<p>(Ist noch in Arbeit!) Beschreibung und Ablauf: Die Rollenkarten werden an die Teilnehmer*innen verteilt. Bei mehr als 15 Teilnehmer*innen k\u00f6nnen auch Zweier-Teams gebildet werden, die sich dann um eine Rolle k\u00fcmmern. Die Rollenkarten d\u00fcrfen nicht herumgezeigt werden. Keine*r soll wissen, wer unter welchem Alias schreibt. Dann fangen die Teilnehmer*innen an \u00fcber ein vorher ausgew\u00e4hltes Thema&hellip; <a class=\"more-link\" href=\"https:\/\/byte42.de\/chatsimulator\/spielvarianten\/ausgrenz-simulator\/\"><span class=\"screen-reader-text\">Ausgrenz-Simulator<\/span> weiterlesen<\/a><\/p>\n","protected":false},"author":1,"featured_media":0,"parent":33,"menu_order":10,"comment_status":"closed","ping_status":"closed","template":"","meta":{"footnotes":""},"class_list":["post-65","page","type-page","status-publish","hentry","entry"],"_links":{"self":[{"href":"https:\/\/byte42.de\/chatsimulator\/wp-json\/wp\/v2\/pages\/65","targetHints":{"allow":["GET"]}}],"collection":[{"href":"https:\/\/byte42.de\/chatsimulator\/wp-json\/wp\/v2\/pages"}],"about":[{"href":"https:\/\/byte42.de\/chatsimulator\/wp-json\/wp\/v2\/types\/page"}],"author":[{"embeddable":true,"href":"https:\/\/byte42.de\/chatsimulator\/wp-json\/wp\/v2\/users\/1"}],"replies":[{"embeddable":true,"href":"https:\/\/byte42.de\/chatsimulator\/wp-json\/wp\/v2\/comments?post=65"}],"version-history":[{"count":2,"href":"https:\/\/byte42.de\/chatsimulator\/wp-json\/wp\/v2\/pages\/65\/revisions"}],"predecessor-version":[{"id":107,"href":"https:\/\/byte42.de\/chatsimulator\/wp-json\/wp\/v2\/pages\/65\/revisions\/107"}],"up":[{"embeddable":true,"href":"https:\/\/byte42.de\/chatsimulator\/wp-json\/wp\/v2\/pages\/33"}],"wp:attachment":[{"href":"https:\/\/byte42.de\/chatsimulator\/wp-json\/wp\/v2\/media?parent=65"}],"curies":[{"name":"wp","href":"https:\/\/api.w.org\/{rel}","templated":true}]}}