{"id":97,"date":"2022-01-04T10:56:02","date_gmt":"2022-01-04T09:56:02","guid":{"rendered":"https:\/\/byte42.de\/chatsimulator2\/?page_id=97"},"modified":"2024-02-07T06:50:05","modified_gmt":"2024-02-07T05:50:05","slug":"bedienung-des-chats","status":"publish","type":"page","link":"https:\/\/byte42.de\/chatsimulator2\/spielvarianten\/chat-simulator\/bedienung-des-chats\/","title":{"rendered":"Bedienung des Chats"},"content":{"rendered":"\n<p>Vor der Teilnahme an dem Chat bitte sich selber einen Nutzer*innen-Namen geben. Dann ist man im Chat und kann \u00fcber das untere Eingabefeld Nachrichten versenden.<\/p>\n\n\n\n<figure class=\"wp-block-image size-full\"><img loading=\"lazy\" decoding=\"async\" width=\"620\" height=\"120\" src=\"https:\/\/byte42.de\/chatsimulator2\/wp-content\/uploads\/2022\/07\/chat_moeglichkeiten.png\" alt=\"\" class=\"wp-image-198\" srcset=\"https:\/\/byte42.de\/chatsimulator2\/wp-content\/uploads\/2022\/07\/chat_moeglichkeiten.png 620w, https:\/\/byte42.de\/chatsimulator2\/wp-content\/uploads\/2022\/07\/chat_moeglichkeiten-300x58.png 300w\" sizes=\"auto, (max-width: 620px) 100vw, 620px\" \/><figcaption class=\"wp-element-caption\">Chat-Eingabebereich<\/figcaption><\/figure>\n\n\n\n<p>Bei &#8222;Nachricht eingeben&#8220; bitte den Text eingeben (\u00fcber Tablets und Handys k\u00f6nnen auch Emojis eingegeben werden). Neben dem Eingabefeld ist ein kleines Bildsymbol, welches den Upload von Bildern erlaubt. Durch Druck auf &#8222;Absenden&#8220; wird die Nachricht abgeschickt. <\/p>\n\n\n\n<p>Wenn auf eine Nachricht anderer Chatteilnehmer geklickt wird erscheinen folgende Symbole rechts oben:<\/p>\n\n\n\n<figure class=\"wp-block-image size-large\"><img loading=\"lazy\" decoding=\"async\" width=\"1024\" height=\"250\" src=\"https:\/\/byte42.de\/chatsimulator2\/wp-content\/uploads\/2022\/01\/chatbedienung04-1024x250.png\" alt=\"\" class=\"wp-image-98\" srcset=\"https:\/\/byte42.de\/chatsimulator2\/wp-content\/uploads\/2022\/01\/chatbedienung04-1024x250.png 1024w, https:\/\/byte42.de\/chatsimulator2\/wp-content\/uploads\/2022\/01\/chatbedienung04-300x73.png 300w, https:\/\/byte42.de\/chatsimulator2\/wp-content\/uploads\/2022\/01\/chatbedienung04-768x188.png 768w, https:\/\/byte42.de\/chatsimulator2\/wp-content\/uploads\/2022\/01\/chatbedienung04.png 1145w\" sizes=\"auto, (max-width: 1024px) 100vw, 1024px\" \/><figcaption class=\"wp-element-caption\">Screenshot aus einem Chat. Rechts oben sieht man die Symbole.<\/figcaption><\/figure>\n\n\n\n<p>Durch Klick auf das Ausrufezeichen kann man den Beitrag melden. Dies macht Sinn, wenn vorher vereinbart worden ist, ob der Chat moderiert werden soll. <\/p>\n\n\n\n<p>Durch Klick auf den Pfeil kann man auf die Nachricht antworten oder sie kommentieren (Reply).<\/p>\n","protected":false},"excerpt":{"rendered":"<p>Vor der Teilnahme an dem Chat bitte sich selber einen Nutzer*innen-Namen geben. Dann ist man im Chat und kann \u00fcber das untere Eingabefeld Nachrichten versenden. Bei &#8222;Nachricht eingeben&#8220; bitte den Text eingeben (\u00fcber Tablets und Handys k\u00f6nnen auch Emojis eingegeben werden). Neben dem Eingabefeld ist ein kleines Bildsymbol, welches den Upload von Bildern erlaubt. Durch&hellip; <a class=\"more-link\" href=\"https:\/\/byte42.de\/chatsimulator2\/spielvarianten\/chat-simulator\/bedienung-des-chats\/\"><span class=\"screen-reader-text\">Bedienung des Chats<\/span> weiterlesen<\/a><\/p>\n","protected":false},"author":1,"featured_media":0,"parent":77,"menu_order":5,"comment_status":"closed","ping_status":"closed","template":"","meta":{"footnotes":""},"class_list":["post-97","page","type-page","status-publish","hentry","entry"],"_links":{"self":[{"href":"https:\/\/byte42.de\/chatsimulator2\/wp-json\/wp\/v2\/pages\/97","targetHints":{"allow":["GET"]}}],"collection":[{"href":"https:\/\/byte42.de\/chatsimulator2\/wp-json\/wp\/v2\/pages"}],"about":[{"href":"https:\/\/byte42.de\/chatsimulator2\/wp-json\/wp\/v2\/types\/page"}],"author":[{"embeddable":true,"href":"https:\/\/byte42.de\/chatsimulator2\/wp-json\/wp\/v2\/users\/1"}],"replies":[{"embeddable":true,"href":"https:\/\/byte42.de\/chatsimulator2\/wp-json\/wp\/v2\/comments?post=97"}],"version-history":[{"count":0,"href":"https:\/\/byte42.de\/chatsimulator2\/wp-json\/wp\/v2\/pages\/97\/revisions"}],"up":[{"embeddable":true,"href":"https:\/\/byte42.de\/chatsimulator2\/wp-json\/wp\/v2\/pages\/77"}],"wp:attachment":[{"href":"https:\/\/byte42.de\/chatsimulator2\/wp-json\/wp\/v2\/media?parent=97"}],"curies":[{"name":"wp","href":"https:\/\/api.w.org\/{rel}","templated":true}]}}